167?
174
In base 15, what is -17aa + 0?
-17aa
In base 13, what is -214 + 4?
-210
In base 3, what is -11120 - 10?
-11200
In base 16, what is 19 - -12?
2b
In base 14, what is 15 - -23?
38
In base 4, what is -120 + -11?
-131
In base 6, what is -12 - 21?
-33
In base 14, what is 14c + -6?
146
In base 7, what is -222 - 261?
-513
In base 7, what is 0 + -4304?
-4304
In base 9, what is 15 - -5?
21
In base 5, what is 1 - -41?
42
In base 9, what is -66 - -2?
-64
In base 6, what is 14 - -105?
123
In base 16, what is -8 - -c1f?
c17
In base 5, what is 20323 + -31?
20242
In base 16, what is 1 + -95?
-94
In base 6, what is -110 + 21?
-45
In base 2, what is 11001011 - -11?
11001110
In base 16, what is 3 + -920?
-91d
In base 16, what is 9e - 4?
9a
In base 6, what is 512 + 0?
512
In base 16, what is 6 - -8?
e
In base 16, what is -3 - 9d8?
-9db
In base 2, what is 10100101110 + -110?
10100101000
In base 3, what is -11 + -20200?
-20211
In base 16, what is -1b + 1?
-1a
In base 13, what is a8a - -2?
a8c
In base 4, what is -121001 - -2?
-120333
In base 7, what is -150 + -56?
-236
In base 7, what is -12421 + 3?
-12415
In base 12, what is 227 + 15?
240
In base 4, what is -320032 + 10?
-320022
In base 16, what is -2 + -20e?
-210
In base 10, what is -5 + 1536?
1531
In base 12, what is -57 + -22?
-79
In base 2, what is -1110011 - -111?
-1101100
In base 16, what is 214 + 2?
216
In base 3, what is -12 + 1020?
1001
In base 3, what is -10 + 112?
102
In base 10, what is 106 - -20?
126
In base 13, what is -2 + -2b5?
-2b7
In base 9, what is 142 + -1?
141
In base 3, what is 1122 + 20?
1212
In base 16, what is -70 - -7?
-69
In base 10, what is -10 + -29?
-39
In base 8, what is -1 - 6617?
-6620
In base 15, what is 5 + 54?
59
In base 4, what is -3112 - -13?
-3033
In base 14, what is 3a19 - -3?
3a1c
In base 10, what is 12 - -265?
277
In base 10, what is 4 + 103?
107
In base 10, what is 5 + 9?
14
In base 3, what is -11 - 2202?
-2220
In base 15, what is -1 - -52?
51
In base 3, what is -10 + 22021?
22011
In base 15, what is 2 - 16?
-14
In base 7, what is 3060 - 13?
3044
In base 13, what is 4 + -a0?
-99
In base 14, what is -404 - -1?
-403
In base 8, what is 6666 - -4?
6672
In base 10, what is -194 - 2?
-196
In base 10, what is -203 + -4?
-207
In base 2, what is -10 + -11?
-101
In base 9, what is 815 + -1?
814
In base 5, what is 0 + 41?
41
In base 5, what is -44 - 1024?
-1123
In base 12, what is 14a + 4?
152
In base 7, what is 5062 + -6?
5053
In base 11, what is 3 - 27?
-24
In base 15, what is -a - 28?
-33
In base 12, what is 1 + -a65?
-a64
In base 7, what is -1 + 22143?
22142
In base 2, what is -1101100 - 10?
-1101110
In base 12, what is 4 + 1683?
1687
In base 12, what is -7ab - 2?
-7b1
In base 5, what is -334 - -221?
-113
In base 14, what is 6 - 5d?
-57
In base 11, what is -3 + 546?
543
In base 13, what is -10a - -30?
-aa
In base 5, what is 101401 - -2?
101403
In base 11, what is 290 + -21?
26a
In base 14, what is 2b9 + -5?
2b4
In base 5, what is 11102 - 3?
11044
In base 16, what is f95 + -4?
f91
In base 8, what is -6 + 24?
16
In base 9, what is -1 - -5?
4
In base 6, what is 0 + -20?
-20
In base 10, what is -3 - -962?
959
In base 10, what is 1 - 33?
-32
In base 8, what is 1326 - 5?
1321
In base 4, what is -1 + 12?
11
In base 5, what is -1 + -401?
-402
In base 13, what is 1ca + 9?
206
In base 7, what is 2 + -10?
-5
In base 9, what is 4 - 1012?
-1007
In base 14, what is 39 - -2?
3b
In base 6, what is 1 + 1003?
1004
In base 6, what is 51554 - -4?
52002
In base 10, what is 177 - 0?
177
In base 2, what is -1 - -111011011?
111011010
In base 10, what is 242 - -46?
288
In base 10, what is 4 + 3770?
3774
In base 11, what is -680 - 3?
-683
In base 11, what is -2 + -1906?
-1908
In base 4, what is -11310 + 32?
-11212
In base 16, what is -3ae + 0?
-3ae
In base 11, what is -7 + -16?
-22
In base 2, what is 10 - -110?
1000
In base 15, what is 5 - -467?
46c
In base 8, what is -264 + 5?
-257
In base 6, what is -3214 + -2?
-3220
In base 4, what is 1 - -2?
3
In base 3, what is 12 + 100210122?
100210211
In base 6, what is 10 + 13?
23
In base 4, what is 11 + 311111?
311122
In base 5, what is -1 + -11104?
-11110
In base 4, what is 11323 - 10?
11313
In base 9, what is 5 + 14570?
14575
In base 13, what is 0 + -1c?
-1c
In base 3, what is 1002210010 - -10?
1002210020
In base 12, what is -5 - 834?
-839
In base 10, what is -422 + 5?
-417
In base 2, what is -10001010 - -1001?
-10000001
In base 5, what is 1131313 + 1?
1131314
In base 7, what is -5 + -240?
-245
In base 13, what is 230 + 2?
232
In base 3, what is -10102 - -221?
-2111
In base 7, what is 20 - 2?
15
In base 7, what is 1153 - -4?
1160
In base 14, what is -946 - 7?
-94d
In base 2, what is 0 - -100111100?
100111100
In base 14, what is -106 - -9?
-db
In base 11, what is 10 - 11?
-1
In base 5, what is -2 + -302?
-304
In base 2, what is 110011010 + -1111?
110001011
In base 15, what is 92d + 4?
932
In base 11, what is -3a2 + 5?
-398
In base 16, what is -5 + 1e?
19
In base 2, what is 100001101 + 11?
100010000
In base 12, what is 2 + -3?
-1
In base 11, what is 5 + -35?
-30
In base 3, what is -11 - 101?
-112
In base 9, what is -21 + 346?
325
In base 12, what is -292 - 5?
-297
In base 6, what is 54 + -240?
-142
In base 8, what is -437 - -5?
-432
In base 4, what is 1102 - 23?
1013
In base 15, what is 6 - 2?
4
In base 6, what is 23 - 5?
14
In base 14, what is 3 + -69b?
-698
In base 14, what is -4d1 - -5?
-4ca
In base 4, what is -1 - 1210133?
-1210200
In base 7, what is 15 + -20?
-2
In base 6, what is 22225 + 11?
22240
In base 2, what is -100010 + -1?
-100011
In base 5, what is -121044 - 10?
-121104
In base 9, what is -2 + 121?
118
In base 10, what is 0 + 738?
738
In base 15, what is 12 + -22?
-10
In base 10, what is 21 + 6?
27
In base 6, what is 4531 - 5?
4522
In base 15, what is 21 - 21?
0
In base 13, what is 111 + 0?
111
In base 11, what is 2 - -15?
17
In base 10, what is 7 + 6?
13
In base 5, what is 1 - -3212?
3213
In base 3, what is 12021110 + 1?
12021111
In base 3, what is 11010 + -10?
11000
In base 10, what is 4 - -412?
416
In base 15, what is -5 + -1c8?
-1cd
In base 16, what is 156 + -5?
151
In base 6, what is -14 + -33?
-51
In base 9, what is -2 - 4?
-6
In base 2, what is 0 + 10000101001?
10000101001
In base 9, what is 1 - -10587?
10588
In base 6, what is -12 - 2?
-14
In base 5, what is -14013 + 1?
-14012
In base 15, what is 2 + 49?
4b
In base 3, what is -2 + -12021?
-12100
In base 13, what is -3 - -288?
285
In base 7, what is 463 - 3?
460
In base 7, what is 22 + 61?
113
In base 7, what is -1 + 124?
123
In base 10, what is -4 + -330?
-334
In base 8, what is 3 + -1356?
-1353
In base 11, what is -5 + -3342?
-3347
In base 11, what is 65a + -2?
658
In base 2, what is -10011 + -10?
-10101
In base 8, what is 247 + -7?
240
In base 11, what is -59 - 9?
-67
In base 12, what is -5 - -1727?
1722
In base 16, what is -93c - 4?
-940
In base 9, what is -716 - 27?
-744
In base 11, what is 15 - 141?
-127
In base 16, what is 15 + 5c?
71
In base 3, what is 1110 + 22?
1202
In base 3, what is -202 + -10212?
-11121
In base 14, what is -32 + 19?
-17
In base 10, what is 5 - 79?
-74
In base 13, what is -5 - -a6?
a1
In base 14, what is 19 - -34?
4d
In base 14, what is -1389 - 4?
-138d
In base 16, what is -1 + 266?
265
In base 2, what is -1110110 - -111110?
-111000
In base 3, what is 22112 + -2?
22110
In base 6, what is -5 - -21?
12
In base 12, what is -4 - -1ab?
1a7
In base 7, what is 44 + 135?
212
In base 5, what is 113 + -1334?
-1221
In base 5, what is -20 - 1?
-21
In base 2, what is 100 + 10101001?
10101101
In base 2, what is -1111101 - 100?
-10000001
In base 5, what is -101 - 32?
-133
In base 16, what is -11 + -7?
-18
In base 5, what is -2 - 1432?
-1434
In base 10, what is -1 + -1685?
-1686
In base 5, what is -4 + -30?
-34
In base 13, what is 12 + -16?
-4
In base 14, what is -268 - 15?
-27d
In base 4, what is -200321 + 1?
-200320
In base 11, what is 82 + 70?
142
In base 2, what is 101 - 11010001?
-11001100
In base 11, what is 2905 + 1?
2906
In base 13, what is 14a - -c?
159
In base 4, what is 11 + -22133?
-22122
In base 3, what is -1121 - 1?
-1122
In base 5, what is 23 + -220?
-142
In base 9, what is -11 - -20?
8
In base 3, what is 220 - -221?
1211
In base 5, what is 4203 - -10